 when 194636 is divided by 29?
17
Calculate the remainder when 84995 is divided by 24.
11
What is the remainder when 1904 is divided by 822?
260
Calculate the remainder when 587936 is divided by 21.
20
What is the remainder when 37205 is divided by 27?
26
Calculate the remainder when 933682 is divided by 26.
22
Calculate the remainder when 44514 is divided by 530.
524
What is the remainder when 1518656 is divided by 759328?
0
What is the remainder when 59133 is divided by 5913?
3
Calculate the remainder when 80214 is divided by 11457.
15
What is the remainder when 425977 is divided by 5?
2
What is the remainder when 23140 is divided by 23?
2
What is the remainder when 1282 is divided by 575?
132
Calculate the remainder when 21953 is divided by 3657.
11
What is the remainder when 31105 is divided by 227?
6
What is the remainder when 99812 is divided by 698?
696
What is the remainder when 11512 is divided by 149?
39
What is the remainder when 327717 is divided by 33?
27
What is the remainder when 30672 is divided by 960?
912
What is the remainder when 58438 is divided by 34?
26
What is the remainder when 335 is divided by 228?
107
Calculate the remainder when 2308 is divided by 697.
217
What is the remainder when 4866 is divided by 108?
6
Calculate the remainder when 23518 is divided by 48.
46
What is the remainder when 97314 is divided by 45?
24
Calculate the remainder when 10102 is divided by 215.
212
Calculate the remainder when 241426 is divided by 120682.
62
Calculate the remainder when 2340 is divided by 35.
30
Calculate the remainder when 9677 is divided by 291.
74
What is the remainder when 9854 is divided by 29?
23
Calculate the remainder when 7652 is divided by 763.
22
Calculate the remainder when 16258 is divided by 196.
186
Calculate the remainder when 20929 is divided by 209.
29
Calculate the remainder when 171542 is divided by 84.
14
Calculate the remainder when 878595 is divided by 91.
81
What is the remainder when 3859 is divided by 70?
9
What is the remainder when 34348 is divided by 910?
678
What is the remainder when 4196 is divided by 263?
251
What is the remainder when 114126 is divided by 22?
12
Calculate the remainder when 158306 is divided by 76.
74
What is the remainder when 506441 is divided by 47?
16
Calculate the remainder when 164285 is divided by 5476.
5
What is the remainder when 1210 is divided by 464?
282
What is the remainder when 6642 is divided by 610?
542
What is the remainder when 83372 is divided by 28?
16
What is the remainder when 724778 is divided by 162?
152
Calculate the remainder when 30506 is divided by 90.
86
What is the remainder when 9577 is divided by 566?
521
Calculate the remainder when 6280 is divided by 895.
15
Calculate the remainder when 35257 is divided by 93.
10
What is the remainder when 1359653 is divided by 419?
417
What is the remainder when 18904 is divided by 3746?
174
What is the remainder when 2929 is divided by 67?
48
Calculate the remainder when 60137 is divided by 4009.
2
Calculate the remainder when 1427 is divided by 356.
3
What is the remainder when 1809 is divided by 60?
9
What is the remainder when 4495 is divided by 1106?
71
What is the remainder when 3965 is divided by 19?
13
What is the remainder when 3076757 is divided by 227?
226
What is the remainder when 35965 is divided by 25?
15
What is the remainder when 91213 is divided by 5066?
25
What is the remainder when 133216 is divided by 27?
25
Calculate the remainder when 284358 is divided by 3.
0
What is the remainder when 67933 is divided by 204?
1
What is the remainder when 2045 is divided by 84?
29
Calculate the remainder when 2235 is divided by 60.
15
Calculate the remainder when 4976 is divided by 15.
11
Calculate the remainder when 437349 is divided by 437327.
22
What is the remainder when 2419 is divided by 2196?
223
Calculate the remainder when 703 is divided by 2.
1
What is the remainder when 25066 is divided by 43?
40
What is the remainder when 14033 is divided by 1286?
1173
What is the remainder when 2846527 is divided by 563?
562
What is the remainder when 18350 is divided by 9175?
0
Calculate the remainder when 54890 is divided by 7.
3
What is the remainder when 15507 is divided by 1083?
345
What is the remainder when 19626 is divided by 2045?
1221
What is the remainder when 100291 is divided by 184?
11
What is the remainder when 286197 is divided by 1080?
1077
What is the remainder when 3084 is divided by 43?
31
What is the remainder when 14035 is divided by 6904?
227
What is the remainder when 416984 is divided by 22?
18
What is the remainder when 26830 is divided by 13406?
18
What is the remainder when 3621 is divided by 3586?
35
Calculate the remainder when 93031 is divided by 269.
226
What is the remainder when 67895 is divided by 9697?
16
What is the remainder when 58854 is divided by 5?
4
What is the remainder when 5586 is divided by 20?
6
What is the remainder when 22217 is divided by 21907?
310
What is the remainder when 931 is divided by 18?
13
Calculate the remainder when 6761 is divided by 36.
29
Calculate the remainder when 15490 is divided by 331.
264
What is the remainder when 19395 is divided by 78?
51
Calculate the remainder when 1996136 is divided by 774.
764
What is the remainder when 1457313 is divided by 28?
25
What is the remainder when 1830 is divided by 236?
178
What is the remainder when 705561 is divided by 26?
25
What is the remainder when 73541 is divided by 317?
314
What is the remainder when 28547 is divided by 2594?
13
Calculate the remainder when 415224 is divided by 78.
30
Calculate the remainder when 1824 is divided by 36.
24
What is the remainder when 160547 is divided by 1036?
1003
What is the remainder when 8224 is divided by 88?
40
Calculate the remainder when 4625 is divided by 200.
25
Calculate the remainder when 3292 is divided by 269.
64
Calculate the remainder when 17514 is divided by 449.
3
Calculate the remainder when 2233062 is divided by 7.
6
What is the remainder when 21632 is divided by 37?
24
What is the remainder when 27808 is divided by 3082?
70
What is the remainder when 743 is divided by 123?
5
Calculate the remainder when 47705 is divided by 1402.
37
What is the remainder when 633199 is divided by 66?
61
Calculate the remainder when 76718 is divided by 73.
68
Calculate the remainder when 9553 is divided by 9542.
11
What is the remainder when 36439 is divided by 12144?
7
What is the remainder when 141189 is divided by 418?
323
What is the remainder when 229548 is divided by 271?
11
Calculate the remainder when 22681 is divided by 43.
20
What is the remainder when 4043 is divided by 45?
38
What is the remainder when 7633 is divided by 239?
224
What is the remainder when 2364317 is divided by 35?
32
What is the remainder when 17872 is divided by 546?
400
Calculate the remainder when 15056 is divided by 28.
20
What is the remainder when 132770 is divided by 476?
442
What is the remainder when 3739 is divided by 512?
155
What is the remainder when 2155 is divided by 33?
10
What is the remainder when 2002 is divided by 3?
1
What is the remainder when 692605 is divided by 107?
101
What is the remainder when 494602 is divided by 31?
28
Calculate the remainder when 2538 is divided by 1731.
807
What is the remainder when 72013 is divided by 225?
13
What is the remainder when 6826 is divided by 6507?
319
Calculate the remainder when 803 is divided by 579.
224
What is the remainder when 39818 is divided by 3317?
14
Calculate the remainder when 52262 is divided by 45.
17
What is the remainder when 1970 is divided by 1302?
668
Calculate the remainder when 40966 is divided by 18.
16
What is the remainder when 404973 is divided by 731?
730
What is the remainder when 56088 is divided by 15?
3
Calculate the remainder when 2306 is divided by 1734.
572
Calculate the remainder when 45373 is divided by 2520.
13
Calculate the remainder when 13976 is divided by 704.
600
What is the remainder when 1764668 is divided by 1212?
1208
Calculate the remainder when 517029 is divided by 86.
83
Calculate the remainder when 560 is divided by 534.
26
Calculate the remainder when 31782 is divided by 2117.
27
Calculate the remainder when 9505 is divided by 122.
111
What is the remaind